s 4 + -124?
-120
In base 8, what is 1336 - 5?
1331
In base 7, what is -12453 - -3?
-12450
In base 10, what is 4265 - 4?
4261
In base 7, what is 1160 + 4?
1164
In base 8, what is -3571 + 3?
-3566
In base 11, what is 5 - 197?
-192
In base 14, what is -4 + 133?
12d
In base 16, what is -1 - 28d?
-28e
In base 5, what is -40 - 10?
-100
In base 7, what is 151 - -5?
156
In base 5, what is 10112 - -21?
10133
In base 13, what is 3c7 - 3?
3c4
In base 15, what is -43 - -19?
-29
In base 8, what is -17 + -130?
-147
In base 16, what is 4 - 10?
-c
In base 10, what is 0 - 34?
-34
In base 13, what is 4 - -47?
4b
In base 15, what is -1 - -a36?
a35
In base 3, what is -1 + -12211?
-12212
In base 4, what is -2333 + 1?
-2332
In base 2, what is -101001 + -1?
-101010
In base 14, what is -11 + -14?
-25
In base 12, what is 5 + 12a?
133
In base 16, what is -2b7 - -4?
-2b3
In base 13, what is -16b5 - -1?
-16b4
In base 6, what is 13 - -12?
25
In base 5, what is 32 - 120?
-33
In base 6, what is -2 - 151?
-153
In base 7, what is -4 - 46?
-53
In base 11, what is 4 - 2456?
-2452
In base 15, what is 3 + -e02?
-dee
In base 12, what is -70 + -3?
-73
In base 7, what is -2 - -335?
333
In base 2, what is -100 + -101110011101?
-101110100001
In base 11, what is 2624 - 3?
2621
In base 11, what is 152 - 8?
145
In base 7, what is -45 + 1164?
1116
In base 4, what is -113 + 11212?
11033
In base 4, what is -310 - 311?
-1221
In base 4, what is 10120 + 0?
10120
In base 12, what is -830 - 5?
-835
In base 14, what is -12 + 16?
4
In base 5, what is 12 - 14111?
-14044
In base 13, what is -5 + 584?
57c
In base 16, what is 192 - -16?
1a8
In base 14, what is a - 1084?
-1078
In base 5, what is 240 - 4?
231
In base 15, what is 2 + -3?
-1
In base 16, what is -1 + -752?
-753
In base 9, what is -1 - -1335?
1334
In base 11, what is -7 - -323?
317
In base 9, what is 5 - -35?
41
In base 16, what is -1 + 80?
7f
In base 15, what is -1 - ac?
-ad
In base 11, what is 4 + -82?
-79
In base 4, what is -12 + -31?
-103
In base 2, what is -11010010 + -110111?
-100001001
In base 13, what is -636 - 2?
-638
In base 8, what is -1643 - 3?
-1646
In base 8, what is 4 + -652?
-646
In base 15, what is -1b - 0?
-1b
In base 3, what is -202 - 1?
-210
In base 11, what is 1a6 + -4?
1a2
In base 3, what is -1 + 20?
12
In base 12, what is 0 - 60?
-60
In base 8, what is 5554 + 4?
5560
In base 2, what is -10011010011 + 1?
-10011010010
In base 16, what is b + 5?
10
In base 5, what is -13121 - 10?
-13131
In base 15, what is -2 - -d68?
d66
In base 6, what is -5 - -545?
540
In base 13, what is 94 + -5?
8c
In base 8, what is -2 - -7516?
7514
In base 11, what is -1a + -15?
-34
In base 13, what is -4 + -2ab?
-2b2
In base 10, what is 0 - -1935?
1935
In base 13, what is -175 + 1?
-174
In base 16, what is -5 + 9a?
95
In base 6, what is 52 + 4?
100
In base 10, what is 2804 + -4?
2800
In base 12, what is 3 - -a17?
a1a
In base 5, what is 2 + 431?
433
In base 6, what is 0 + -233?
-233
In base 3, what is -101011 + -102?
-101120
In base 16, what is 5 + -9f?
-9a
In base 7, what is 2 + -10502?
-10500
In base 16, what is -6 - -8b?
85
In base 15, what is -1 - 382?
-383
In base 4, what is 31 + -301?
-210
In base 5, what is 112 + -344?
-232
In base 5, what is 12134 + 32?
12221
In base 9, what is -455 + -2?
-457
In base 2, what is 10 + -10110?
-10100
In base 4, what is -11 - 2022?
-2033
In base 8, what is 10252 - -2?
10254
In base 10, what is -336 + 6?
-330
In base 8, what is 2 + 14?
16
In base 4, what is 10 - 10020?
-10010
In base 12, what is -3 + -52?
-55
In base 7, what is 13 + 50?
63
In base 10, what is -330 + 0?
-330
In base 2, what is -101 - 101100?
-110001
In base 12, what is -11 + -b?
-20
In base 12, what is 4 - -31?
35
In base 7, what is -4 - -3?
-1
In base 11, what is -4 + 319?
315
In base 8, what is -123 + 21?
-102
In base 3, what is -21001 - -120?
-20111
In base 11, what is -28 + -64?
-91
In base 3, what is 22 + -11002?
-10210
In base 15, what is 4 - -86?
8a
In base 13, what is 0 - 78?
-78
In base 13, what is 4 + 960?
964
In base 12, what is 17 - -173?
18a
In base 5, what is -2014 + 0?
-2014
In base 10, what is -2 + -26?
-28
In base 4, what is 10 + -3102?
-3032
In base 6, what is 2 + -205?
-203
In base 16, what is 6a8 - 1?
6a7
In base 7, what is -3236 + 2?
-3234
In base 7, what is 16 + 1?
20
In base 5, what is 102 - 123?
-21
In base 7, what is -1 + -21?
-22
In base 4, what is 11 - 2031?
-2020
In base 4, what is 210 + 33?
303
In base 9, what is -1 - -2665?
2664
In base 8, what is 2 + 40?
42
In base 2, what is 100001001 + -11?
100000110
In base 9, what is 5 + -4?
1
In base 12, what is 4 + -3b?
-37
In base 10, what is -25 + 88?
63
In base 16, what is 53 - 2?
51
In base 15, what is 12 + -921?
-90e
In base 10, what is 449 - -4?
453
In base 3, what is -1 + -1011111?
-1011112
In base 15, what is 11 + -cc5?
-cb4
In base 11, what is 43 + -a7?
-64
In base 15, what is -11 + -16?
-27
In base 8, what is 125 - 3?
122
In base 12, what is -29 - 4?
-31
In base 10, what is 2 - 2208?
-2206
In base 11, what is -506 + -2?
-508
In base 16, what is -10c - -4?
-108
In base 4, what is -2311201 + 2?
-2311133
In base 12, what is -38 - 0?
-38
In base 11, what is -181 - -91?
-a0
In base 2, what is 1 - -11011?
11100
In base 13, what is 101 - 4?
ca
In base 8, what is -207 + 0?
-207
In base 15, what is -246 + -2?
-248
In base 8, what is 3 + 210?
213
In base 6, what is 220 + 3?
223
In base 9, what is 23552 + -5?
23546
In base 10, what is -344 + 4?
-340
In base 9, what is -3 + 144?
141
In base 3, what is 1001 + -110?
121
In base 16, what is 1c - 0?
1c
In base 4, what is 21110 - 12?
21032
In base 9, what is -5 + 8?
3
In base 2, what is -1010111111 - -11?
-1010111100
In base 3, what is -1121 + 122?
-222
In base 11, what is -2 - -2?
0
In base 15, what is -d + 615?
607
In base 12, what is 7428 + 3?
742b
In base 12, what is -4 + 5?
1
In base 4, what is 212 + 1?
213
In base 15, what is 0 + 95?
95
In base 6, what is -2 - -443?
441
In base 3, what is -220 + -110?
-1100
In base 2, what is 10010000 + -1111?
10000001
In base 6, what is -2 - -21?
15
In base 10, what is 5 - -608?
613
In base 2, what is 100110 - -111?
101101
In base 16, what is 1 + 7a?
7b
In base 11, what is 541 + -6?
536
In base 10, what is 488 - -2?
490
In base 10, what is 428 + 0?
428
In base 5, what is -11 + -331?
-342
In base 10, what is 32 - 7?
25
In base 7, what is 41 - 102?
-31
In base 15, what is 2 - 42?
-40
In base 14, what is -5a9 + -4?
-5ad
In base 7, what is 430 + -3?
424
In base 13, what is -381 - -1?
-380
In base 4, what is 1231 - 2?
1223
In base 7, what is -1263 + -6?
-1302
In base 12, what is 4 + 1179?
1181
In base 15, what is e + 52?
61
In base 16, what is d + 21a?
227
In base 12, what is -103 - -1a?
-a5
In base 15, what is -1b7 + 4?
-1b3
In base 4, what is 1021 + -11?
1010
In base 9, what is 144 + 122?
266
In base 2, what is -1 - -10000?
1111
In base 12, what is -330 + 0?
-330
In base 13, what is -1 + -1a70?
-1a71
In base 10, what is 462 + -2?
460
In base 7, what is 241 + -3?
235
In base 16, what is 2ef6 - 1?
2ef5
In base 13, what is 1 - 1?
0
In base 16, what is 662 - 0?
662
In base 14, what is 5 - -2?
7
In base 10, what is -3370 - -5?
-3365
In base 4, what is 0 - -1?
1
In base 7, what is -3 + 2034?
2031
In base 10, what is 0 - 43?
-43
In base 2, what is 11010001001001 - 0?
11010001001001
In base 16, what is 2 - -8f8?
8fa
In base 2, what is -1110 - -11?
-1011
In base 3, what is 21 + 21211?
22002
In base 9, what is -4 - -277?
273
In base 10, what is 1061 - -4?
1065
In base 13, what is 13b - 1?
13a
In base 6, what is 40422 - -1?
40423
In base 14, what is 5 - -ab?
b2
In base 8, what is -1 + 367?
366
In base 8, what is 3 - 3?
0
In base 16, what is b - -1?
c
In base 9, what is -5 + 534?
528
In base 9, what is 43 - 52?
-8
In base 6, what is -1324 + -1?
-1325
In base 9, what is -76 + 20?
-56
In base 4, what is 10121 + -10?
10111
In base 4, what is -101222 + -1?
-101223
In base 7, what is 23 - 30?
-4
In base 9, what is 4 - -38?
43
In base 2, what is 10110001011 + 10?
10110001101
In base 3, what is 1021210201 + -12?
1021210112
In base 2, what is -1011 - -1100010100?
1100001001
In base 3, what is -220 + 12011?
11021
In base 9, what is -7 - -416?
408
In base 5, what is 231001 + -10?
230441
In base 8, what is -31 - 